o*u - 12 = 16. What is the remainder when 39 is divided by u?
11
Suppose -135 = -w - 5*f, 6*w - 4*f - 492 = 2*w. What is the remainder when w is divided by 32?
29
Suppose -4*q - 9 = -5*x, 3*q = -x + 14 + 3. Let o = -18 + 25. Calculate the remainder when o is divided by q.
3
Let s(o) = 4*o + 4. Let d(k) = 21*k + 19. Let g(y) = -2*d(y) + 11*s(y). What is the remainder when 39 is divided by g(7)?
19
Let z(w) = -5*w**3 - 3*w**2. Let d(m) = m. Let y(h) = -h**3 + 7*h**2 + 10*h - 6. Let n be y(8). What is the remainder when z(-2) is divided by d(n)?
8
Let a(t) = -t + 3. Let p be a(-2). Suppose -5*b - p = -6*b. Calculate the remainder when 13 is divided by b.
3
Suppose 3*f + 3*v = -5 + 302, 0 = 4*f + 5*v - 395. What is the remainder when f is divided by 26?
22
Let b = -4 - -4. Suppose z + 0*z - 2 = b. Let r = 2 + -1. What is the remainder when z is divided by r?
0
Suppose 4*p - 56 = p - 2*y, 2*y + 10 = 0. Suppose -4*r = -3*f - 57, 3*r = 5*r + 4*f - 12. What is the remainder when p is divided by r?
10
Suppose 0*x - 8 = -4*x. Let d(g) = 25*g. Let r be d(x). Suppose 3*n = n + r. What is the remainder when n is divided by 9?
7
Suppose 97 = a - 4. What is the remainder when a is divided by 34?
33
Let f = 17 + -14. Calculate the remainder when 9 is divided by f.
0
What is the remainder when 63 is divided by 1/(9/204) - (-10)/(-15)?
19
Suppose 4*u + 27 + 7 = 3*h, -5*h + u + 34 = 0. Calculate the remainder when 9 is divided by h.
3
Suppose 5*n = -5*g - 55, 2*g = -5*n + 4*g - 55. Let y = -8 + n. What is the remainder when 2/7 - y/7 is divided by 2?
1
Let j = 168 + -77. Calculate the remainder when j is divided by 33.
25
Suppose 3*c = 3*k - 5 - 4, -4*k - 2*c = 0. Let v = 1 + k. What is the remainder when v is divided by 1?
0
Let t(o) = -o**2 + 10*o + 14. Let q be t(11). Suppose -q*i = -347 - 31. Calculate the remainder when i is divided by 32.
30
Suppose -37 = -u - 5*p, 5*u - 67 - 52 = -3*p. Calculate the remainder when u is divided by 6.
4
Suppose 0 = -4*m - 8, 2*q - 4*m + 76 = 5*q. Let v = 2 - 2. Suppose v*z = -5*z + 50. What is the remainder when q is divided by z?
8
Let u = 124 + 23. Calculate the remainder when u is divided by 50.
47
Suppose 6*b = 440 - 74. Calculate the remainder when b is divided by 17.
10
Let o(z) = 2*z**2 - 4*z + 6. What is the remainder when o(7) is divided by 39?
37
Let f(j) = j**3 - j**2 - 13*j + 3. Let q be f(5). Let n = -21 + q. Calculate the remainder when 32 is divided by n.
15
Let q(c) = 28*c**2 - 5*c. What is the remainder when q(-3) is divided by 45?
42
Suppose 0 = 5*t - 8*u + 4*u - 274, 0 = 3*t - 5*u - 154. Calculate the remainder when t is divided by 30.
28
Suppose 9*u - 1176 = 2*u. What is the remainder when u is divided by 19?
16
Calculate the remainder when 2/(-5) + (-517)/(-5) is divided by 26.
25
Suppose 3*b - i = 98, 2*i - 72 = 3*b - 169. What is the remainder when 65 is divided by b?
32
Suppose 0*n + 4*o = n + 10, -5*o = 4*n + 40. Suppose b - 4*b = -51. Let u = b + n. What is the remainder when 12 is divided by u?
5
Suppose -3*y + 2*y = -43. Let q = y + 47. What is the remainder when q is divided by 23?
21
Suppose -3*c + 287 = 50. What is the remainder when c is divided by 17?
11
Let v = -1 - 3. Let g(o) = 13*o - 2. Let b be g(v). What is the remainder when 14 is divided by 2/7 + b/(-7)?
6
Let u = -4 + 2. Let w be u/((-4)/18) + 0. Suppose w = 3*f, 3*x - 48 - 66 = -f. What is the remainder when x is divided by 13?
11
Suppose -4*t - 45 = -3*w, -w = -3*w - 3*t + 30. What is the remainder when 43 is divided by w?
13
Suppose 0 = 3*w - 43 - 26. Calculate the remainder when w is divided by 5 - (-65)/(-15) - 44/(-6).
7
Let w be 2/(-2) + (-2 - -1). Let y(h) = -5*h - 151. Calculate the remainder when y(-31) is divided by 0 + w - (-5 + 1).
0
Suppose -5*j = m - 49, -j + 13 = 3*m - 2*m. What is the remainder when 43 is divided by j?
7
Let l be 2*(2 - (1 + 0)). Let j(v) = -4*v**2 + 10*v**l - 1 + 2*v + 10*v**2. What is the remainder when 32 is divided by j(1)?
15
Let m = 43 + -20. Suppose -13*p = -5*p - 48. Calculate the remainder when m is divided by p.
5
Let j = 320 - 219. Calculate the remainder when j is divided by 51.
50
Let x = -6 - -31. Calculate the remainder when 49 is divided by x.
24
Suppose 6*j - 3*j - 4*x = 26, -j + 5 = -5*x. What is the remainder when 18 is divided by j?
8
Let p = 30 - 13. Suppose -3*i + 198 = -0. Calculate the remainder when i is divided by p.
15
Let s(u) = -63*u + 2. Let o be s(-3). Suppose -o = -7*n + 82. Calculate the remainder when n is divided by 10.
9
What is the remainder when 24 + 1/((-3)/6) + 4 is divided by 6?
2
Suppose 5*g - 2*g = 3, -53 = -2*b + 5*g. Let a be (30/9 + -3)*9. Suppose -a*v + b + 34 = 0. Calculate the remainder when 61 is divided by v.
19
Let t be 2/9 - (-966)/27. Let q = -5 + t. What is the remainder when q is divided by 17?
14
Suppose -4*f = -5*f - a - 2, 0 = -f + 2*a + 10. Let c = 19 - 13. Calculate the remainder when 2/(-1)*(-15)/c is divided by f.
1
Let o = 54 + -34. Let z(l) = 8*l**3 - l**2. Let n be z(-1). What is the remainder when o is divided by 2/(-9) - 65/n?
6
Let v(q) = q**3 - 9*q**2 + 11*q + 1. Let r = 10 + -2. Calculate the remainder when v(r) is divided by 14.
11
Let w(a) = a**3 + 5*a**2 - 6*a + 4. Suppose 3*f = 2 - 20. Suppose 9*q - 4*q = 30. Calculate the remainder when q is divided by w(f).
2
Let c be (-26)/(-4)*(-24)/(-3). Suppose 0 = -6*g + 2*g + c. Calculate the remainder when 32 is divided by g/(-2)*-2 - 2.
10
Suppose -5*v = -163 - 97. What is the remainder when v is divided by 11?
8
Suppose 4*m - 16 = 0, 0 = 5*c - 14*m + 10*m - 134. What is the remainder when c is divided by 4?
2
Suppose 6 = 5*i - 2*i. Calculate the remainder when ((-34)/i)/(-3 + 2) is divided by 9.
8
Let w = 34 - 13. Calculate the remainder when 38 is divided by w.
17
Let m = 9 + -2. Let n = -7 + m. Suppose 0 = -2*q - g + 5, -4*q + n*g = g - 7. What is the remainder when 2 is divided by q?
0
Suppose 5*x - 7 = 13. Suppose -2*l = -4*l + x. Suppose 5*p - 2*j = 2*j + 35, -2*j = l*p - 32. Calculate the remainder when 21 is divided by p.
10
Let s = 60 + -29. Let o = -6 + s. Calculate the remainder when o is divided by 13.
12
Calculate the remainder when (13 + -12)*(-1 + 18) is divided by 6.
5
Suppose q + 2*j - 520 = -4*q, -224 = -2*q - 4*j. What is the remainder when q is divided by 26?
24
Let v(p) = 38*p - 5. Let m = 33 - 15. Calculate the remainder when v(1) is divided by m.
15
Let x = 4 - -3. What is the remainder when 18 is divided by x?
4
Suppose o - 351 = -0*f - 3*f, -5*o = 5*f - 1725. Suppose o = 2*x - 4*x. Calculate the remainder when -1 - (x/(-3))/(-1) is divided by 19.
18
Let v(z) = 3*z - 8. What is the remainder when (10 + -2)/((-4)/(-14)) is divided by v(6)?
8
Let p(n) = n - 1. Let i be p(3). Let v be (-2)/((-4)/(-2))*-3. Suppose -g + 27 = -v*u - i, 2*g - 2*u = 66. What is the remainder when g is divided by 18?
17
Suppose -k - 2*r = -0*k - 8, 5*r = k + 13. Let l(c) = -3 + 4 - k*c + 2. What is the remainder when l(-3) is divided by 6?
3
Suppose -42 = -2*v + 4*z, 0*z = v + 5*z - 7. Calculate the remainder when v is divided by (2 + -5)/((-1)/2).
5
Suppose k - 26 = -k. What is the remainder when k is divided by (16/8)/((-2)/(-7))?
6
Suppose 2*a - 7*a + 10 = 0. Suppose -2*b = a*b - 288. Suppose -y = 1, y + b = 4*w - 3*y. What is the remainder when w is divided by 6?
5
Let c(x) = 5*x + 48. Suppose 0*l - 3*l + 4*k = -29, l = 4*k + 15. What is the remainder when c(-7) is divided by l?
6
Let r = 17 - 9. What is the remainder when 23 is divided by r?
7
Suppose 0*u - 2 = -2*u, -3*j = 4*u - 1. Calculate the remainder when 16 is divided by 1*j/((-4)/36).
7
Suppose 0 = -5*h - 4*u + 198, -3*h - 4*u + 34 = -88. What is the remainder when h is divided by 20?
18
Suppose 2*d + 60 = 6*d. Calculate the remainder when ((-12)/8)/(9/(-174)) is divided by d.
14
Let o = 116 - -7. What is the remainder when o is divided by 21?
18
Let w(s) = -s**3 - 4*s**2 + s - 5. Calculate the remainder when w(-6) is divided by 32.
29
Let o(j) = 9*j**2 - 3*j + 9. What is the remainder when 193 is divided by o(2)?
37
Suppose 4*x - 5 + 1 = -2*d, -x = -d - 7. What is the remainder when d*-2*3/6 is divided by 2?
0
Suppose 0 = -5*r + 31 + 49. Calculate the remainder when (-6 + 0 + 171)*1/3 is divided by (-3)/((-3)/(-2)) 